{"id":2,"date":"2024-12-15T16:27:49","date_gmt":"2024-12-15T15:27:49","guid":{"rendered":"http:\/\/mesassiettesdiet.com\/?page_id=2"},"modified":"2025-04-19T19:09:00","modified_gmt":"2025-04-19T17:09:00","slug":"articles","status":"publish","type":"page","link":"https:\/\/mesassiettesdiet.com\/?page_id=2","title":{"rendered":"Blog"},"content":{"rendered":"\t\t<div data-elementor-type=\"wp-page\" data-elementor-id=\"2\" class=\"elementor elementor-2\">\n\t\t\t\t<div class=\"elementor-element elementor-element-d65cb8e e-flex e-con-boxed wpr-particle-no wpr-jarallax-no wpr-parallax-no wpr-sticky-section-no e-con e-parent\" data-id=\"d65cb8e\" data-element_type=\"container\">\n\t\t\t\t\t<div class=\"e-con-inner\">\n\t\t\t\t<div class=\"elementor-element elementor-element-643130a elementor-widget elementor-widget-heading\" data-id=\"643130a\" data-element_type=\"widget\" data-widget_type=\"heading.default\">\n\t\t\t\t<div class=\"elementor-widget-container\">\n\t\t\t\t\t<h2 class=\"elementor-heading-title elementor-size-default\">Les Articles<\/h2>\t\t\t\t<\/div>\n\t\t\t\t<\/div>\n\t\t\t\t\t<\/div>\n\t\t\t\t<\/div>\n\t\t<div class=\"elementor-element elementor-element-7192b20 e-flex e-con-boxed wpr-particle-no wpr-jarallax-no wpr-parallax-no wpr-sticky-section-no e-con e-parent\" data-id=\"7192b20\" data-element_type=\"container\">\n\t\t\t\t\t<div class=\"e-con-inner\">\n\t\t\t\t<div class=\"elementor-element elementor-element-8e339c7 elementor-widget__width-initial wpr-grid-columns-3 wpr-grid-columns--tablet2 wpr-grid-columns--mobile1 wpr-grid-pagination-center wpr-item-styles-inner elementor-widget elementor-widget-wpr-grid\" data-id=\"8e339c7\" data-element_type=\"widget\" data-widget_type=\"wpr-grid.default\">\n\t\t\t\t<div class=\"elementor-widget-container\">\n\t\t\t\t\t<ul class=\"wpr-grid-filters elementor-clearfix wpr-grid-filters-sep-right\"><li class=\" wpr-pointer-none wpr-pointer-line-fx wpr-pointer-fx-none\"><span  data-filter=\"*\" class=\"wpr-grid-filters-item wpr-active-filter \">All Posts<\/span><em class=\"wpr-grid-filters-sep\"><\/em><\/li><li class=\" wpr-pointer-none wpr-pointer-line-fx wpr-pointer-fx-none\"><span   data-ajax-filter=[\"category\",\"article\"]  data-filter=\".category-article\">Article<\/span><em class=\"wpr-grid-filters-sep\"><\/em><\/li><li class=\" wpr-pointer-none wpr-pointer-line-fx wpr-pointer-fx-none\"><span   data-ajax-filter=[\"category\",\"non-classe\"]  data-filter=\".category-non-classe\">Non class\u00e9<\/span><em class=\"wpr-grid-filters-sep\"><\/em><\/li><\/ul><section class=\"wpr-grid elementor-clearfix\" data-settings=\"{&quot;layout&quot;:&quot;fitRows&quot;,&quot;stick_last_element_to_bottom&quot;:&quot;&quot;,&quot;columns_desktop&quot;:3,&quot;gutter_hr&quot;:15,&quot;gutter_hr_mobile&quot;:15,&quot;gutter_hr_mobile_extra&quot;:15,&quot;gutter_hr_tablet&quot;:15,&quot;gutter_hr_tablet_extra&quot;:15,&quot;gutter_hr_laptop&quot;:15,&quot;gutter_hr_widescreen&quot;:15,&quot;gutter_vr&quot;:15,&quot;gutter_vr_mobile&quot;:15,&quot;gutter_vr_mobile_extra&quot;:15,&quot;gutter_vr_tablet&quot;:15,&quot;gutter_vr_tablet_extra&quot;:15,&quot;gutter_vr_laptop&quot;:15,&quot;gutter_vr_widescreen&quot;:15,&quot;animation&quot;:&quot;default&quot;,&quot;animation_duration&quot;:0.3,&quot;animation_delay&quot;:0.1,&quot;deeplinking&quot;:&quot;&quot;,&quot;filters_linkable&quot;:&quot;no&quot;,&quot;filters_default_filter&quot;:&quot;&quot;,&quot;filters_count&quot;:&quot;&quot;,&quot;filters_hide_empty&quot;:&quot;no&quot;,&quot;filters_animation&quot;:&quot;default&quot;,&quot;filters_animation_duration&quot;:0.3,&quot;filters_animation_delay&quot;:0.1,&quot;pagination_type&quot;:&quot;load-more&quot;,&quot;pagination_max_pages&quot;:2,&quot;lightbox&quot;:{&quot;selector&quot;:&quot;.wpr-grid-image-wrap&quot;,&quot;iframeMaxWidth&quot;:&quot;60%&quot;,&quot;hash&quot;:false,&quot;autoplay&quot;:&quot;true&quot;,&quot;pause&quot;:5000,&quot;progressBar&quot;:&quot;true&quot;,&quot;counter&quot;:&quot;true&quot;,&quot;controls&quot;:&quot;true&quot;,&quot;getCaptionFromTitleOrAlt&quot;:&quot;true&quot;,&quot;thumbnail&quot;:&quot;&quot;,&quot;showThumbByDefault&quot;:&quot;&quot;,&quot;share&quot;:&quot;&quot;,&quot;zoom&quot;:&quot;true&quot;,&quot;fullScreen&quot;:&quot;true&quot;,&quot;download&quot;:&quot;true&quot;}}\"><article class=\"wpr-grid-item elementor-clearfix post-249 post type-post status-publish format-standard has-post-thumbnail hentry category-article\"><div class=\"wpr-grid-item-inner\"><div class=\"wpr-grid-media-wrap wpr-effect-size-medium \" data-overlay-link=\"yes\"><div class=\"wpr-grid-image-wrap\" data-src=\"https:\/\/mesassiettesdiet.com\/wp-content\/uploads\/2024\/12\/Titre-9.jpg\" data-img-on-hover=\"\"  data-src-secondary=\"\"><img decoding=\"async\" data-no-lazy=\"1\" src=\"https:\/\/mesassiettesdiet.com\/wp-content\/uploads\/2024\/12\/Titre-9.jpg\" alt=\"mes assiettes diet marine besse dietetique rennes\" class=\"wpr-anim-timing-ease-default\"><\/div><div class=\"wpr-grid-media-hover wpr-animation-wrap\"><div class=\"wpr-grid-media-hover-bg  wpr-overlay-fade-in wpr-anim-size-large wpr-anim-timing-ease-default wpr-anim-transparency\" data-url=\"https:\/\/mesassiettesdiet.com\/?p=249\"><\/div><\/div><\/div><div class=\"wpr-grid-item-below-content elementor-clearfix\"><h2 class=\"wpr-grid-item-title elementor-repeater-item-2459def wpr-grid-item-display-block wpr-grid-item-align-left wpr-pointer-none wpr-pointer-line-fx wpr-pointer-fx-fade\"><div class=\"inner-block\"><a target=\"_self\"  href=\"https:\/\/mesassiettesdiet.com\/?p=249\">Le r\u00e9gime M\u00e9diterran\u00e9en<\/a><\/div><\/h2><div class=\"wpr-grid-item-date elementor-repeater-item-c9c1bcc wpr-grid-item-display-inline wpr-grid-item-align-left\"><div class=\"inner-block\"><span>12 March 2025<span class=\"wpr-grid-extra-text-right\"><\/span><\/span><\/div><\/div><div class=\"wpr-grid-item-read-more elementor-repeater-item-e95e618 wpr-grid-item-display-block wpr-grid-item-align-left\"><div class=\"inner-block\"><a target=\"_self\" href=\"https:\/\/mesassiettesdiet.com\/?p=249\" class=\"wpr-button-effect wpr-button-none\"><span>Lire<\/span><\/a><\/div><\/div><\/div><\/div><\/article><article class=\"wpr-grid-item elementor-clearfix post-704 post type-post status-publish format-standard has-post-thumbnail hentry category-non-classe\"><div class=\"wpr-grid-item-inner\"><div class=\"wpr-grid-media-wrap wpr-effect-size-medium \" data-overlay-link=\"yes\"><div class=\"wpr-grid-image-wrap\" data-src=\"https:\/\/mesassiettesdiet.com\/wp-content\/uploads\/2025\/04\/Capture-decran-2025-04-19-a-19.03.12.png\" data-img-on-hover=\"\"  data-src-secondary=\"\"><img decoding=\"async\" data-no-lazy=\"1\" src=\"https:\/\/mesassiettesdiet.com\/wp-content\/uploads\/2025\/04\/Capture-decran-2025-04-19-a-19.03.12.png\" alt=\"Comment se manifestent les allergies aux fruits chez le b\u00e9b\u00e9 ?\" class=\"wpr-anim-timing-ease-default\"><\/div><div class=\"wpr-grid-media-hover wpr-animation-wrap\"><div class=\"wpr-grid-media-hover-bg  wpr-overlay-fade-in wpr-anim-size-large wpr-anim-timing-ease-default wpr-anim-transparency\" data-url=\"https:\/\/mesassiettesdiet.com\/?p=704\"><\/div><\/div><\/div><div class=\"wpr-grid-item-below-content elementor-clearfix\"><h2 class=\"wpr-grid-item-title elementor-repeater-item-2459def wpr-grid-item-display-block wpr-grid-item-align-left wpr-pointer-none wpr-pointer-line-fx wpr-pointer-fx-fade\"><div class=\"inner-block\"><a target=\"_self\"  href=\"https:\/\/mesassiettesdiet.com\/?p=704\">Comment se manifestent les allergies aux fruits chez le b\u00e9b\u00e9 ?<\/a><\/div><\/h2><div class=\"wpr-grid-item-date elementor-repeater-item-c9c1bcc wpr-grid-item-display-inline wpr-grid-item-align-left\"><div class=\"inner-block\"><span>8 March 2025<span class=\"wpr-grid-extra-text-right\"><\/span><\/span><\/div><\/div><div class=\"wpr-grid-item-read-more elementor-repeater-item-e95e618 wpr-grid-item-display-block wpr-grid-item-align-left\"><div class=\"inner-block\"><a target=\"_self\" href=\"https:\/\/mesassiettesdiet.com\/?p=704\" class=\"wpr-button-effect wpr-button-none\"><span>Lire<\/span><\/a><\/div><\/div><\/div><\/div><\/article><article class=\"wpr-grid-item elementor-clearfix post-246 post type-post status-publish format-standard has-post-thumbnail hentry category-article\"><div class=\"wpr-grid-item-inner\"><div class=\"wpr-grid-media-wrap wpr-effect-size-medium \" data-overlay-link=\"yes\"><div class=\"wpr-grid-image-wrap\" data-src=\"https:\/\/mesassiettesdiet.com\/wp-content\/uploads\/2024\/12\/Titre-8.jpg\" data-img-on-hover=\"\"  data-src-secondary=\"\"><img decoding=\"async\" data-no-lazy=\"1\" src=\"https:\/\/mesassiettesdiet.com\/wp-content\/uploads\/2024\/12\/Titre-8.jpg\" alt=\"mes assiettes diet marine besse di\u00e9t\u00e9tique rennes\" class=\"wpr-anim-timing-ease-default\"><\/div><div class=\"wpr-grid-media-hover wpr-animation-wrap\"><div class=\"wpr-grid-media-hover-bg  wpr-overlay-fade-in wpr-anim-size-large wpr-anim-timing-ease-default wpr-anim-transparency\" data-url=\"https:\/\/mesassiettesdiet.com\/?p=246\"><\/div><\/div><\/div><div class=\"wpr-grid-item-below-content elementor-clearfix\"><h2 class=\"wpr-grid-item-title elementor-repeater-item-2459def wpr-grid-item-display-block wpr-grid-item-align-left wpr-pointer-none wpr-pointer-line-fx wpr-pointer-fx-fade\"><div class=\"inner-block\"><a target=\"_self\"  href=\"https:\/\/mesassiettesdiet.com\/?p=246\">La vitamine C<\/a><\/div><\/h2><div class=\"wpr-grid-item-date elementor-repeater-item-c9c1bcc wpr-grid-item-display-inline wpr-grid-item-align-left\"><div class=\"inner-block\"><span>1 March 2025<span class=\"wpr-grid-extra-text-right\"><\/span><\/span><\/div><\/div><div class=\"wpr-grid-item-read-more elementor-repeater-item-e95e618 wpr-grid-item-display-block wpr-grid-item-align-left\"><div class=\"inner-block\"><a target=\"_self\" href=\"https:\/\/mesassiettesdiet.com\/?p=246\" class=\"wpr-button-effect wpr-button-none\"><span>Lire<\/span><\/a><\/div><\/div><\/div><\/div><\/article><article class=\"wpr-grid-item elementor-clearfix post-701 post type-post status-publish format-standard has-post-thumbnail hentry category-non-classe\"><div class=\"wpr-grid-item-inner\"><div class=\"wpr-grid-media-wrap wpr-effect-size-medium \" data-overlay-link=\"yes\"><div class=\"wpr-grid-image-wrap\" data-src=\"https:\/\/mesassiettesdiet.com\/wp-content\/uploads\/2025\/04\/Capture-decran-2025-04-19-a-18.59.22.png\" data-img-on-hover=\"\"  data-src-secondary=\"\"><img decoding=\"async\" data-no-lazy=\"1\" src=\"https:\/\/mesassiettesdiet.com\/wp-content\/uploads\/2025\/04\/Capture-decran-2025-04-19-a-18.59.22.png\" alt=\"Un b\u00e9b\u00e9 peut-il manger du fromage non pasteuris\u00e9 ?\" class=\"wpr-anim-timing-ease-default\"><\/div><div class=\"wpr-grid-media-hover wpr-animation-wrap\"><div class=\"wpr-grid-media-hover-bg  wpr-overlay-fade-in wpr-anim-size-large wpr-anim-timing-ease-default wpr-anim-transparency\" data-url=\"https:\/\/mesassiettesdiet.com\/?p=701\"><\/div><\/div><\/div><div class=\"wpr-grid-item-below-content elementor-clearfix\"><h2 class=\"wpr-grid-item-title elementor-repeater-item-2459def wpr-grid-item-display-block wpr-grid-item-align-left wpr-pointer-none wpr-pointer-line-fx wpr-pointer-fx-fade\"><div class=\"inner-block\"><a target=\"_self\"  href=\"https:\/\/mesassiettesdiet.com\/?p=701\">Un b\u00e9b\u00e9 peut-il manger du fromage non pasteuris\u00e9 ?<\/a><\/div><\/h2><div class=\"wpr-grid-item-date elementor-repeater-item-c9c1bcc wpr-grid-item-display-inline wpr-grid-item-align-left\"><div class=\"inner-block\"><span>25 February 2025<span class=\"wpr-grid-extra-text-right\"><\/span><\/span><\/div><\/div><div class=\"wpr-grid-item-read-more elementor-repeater-item-e95e618 wpr-grid-item-display-block wpr-grid-item-align-left\"><div class=\"inner-block\"><a target=\"_self\" href=\"https:\/\/mesassiettesdiet.com\/?p=701\" class=\"wpr-button-effect wpr-button-none\"><span>Lire<\/span><\/a><\/div><\/div><\/div><\/div><\/article><article class=\"wpr-grid-item elementor-clearfix post-234 post type-post status-publish format-standard has-post-thumbnail hentry category-article\"><div class=\"wpr-grid-item-inner\"><div class=\"wpr-grid-media-wrap wpr-effect-size-medium \" data-overlay-link=\"yes\"><div class=\"wpr-grid-image-wrap\" data-src=\"https:\/\/mesassiettesdiet.com\/wp-content\/uploads\/2024\/12\/Titre-7.jpg\" data-img-on-hover=\"\"  data-src-secondary=\"\"><img decoding=\"async\" data-no-lazy=\"1\" src=\"https:\/\/mesassiettesdiet.com\/wp-content\/uploads\/2024\/12\/Titre-7.jpg\" alt=\"mes assiettes diet marine besse dietetique rennes\" class=\"wpr-anim-timing-ease-default\"><\/div><div class=\"wpr-grid-media-hover wpr-animation-wrap\"><div class=\"wpr-grid-media-hover-bg  wpr-overlay-fade-in wpr-anim-size-large wpr-anim-timing-ease-default wpr-anim-transparency\" data-url=\"https:\/\/mesassiettesdiet.com\/?p=234\"><\/div><\/div><\/div><div class=\"wpr-grid-item-below-content elementor-clearfix\"><h2 class=\"wpr-grid-item-title elementor-repeater-item-2459def wpr-grid-item-display-block wpr-grid-item-align-left wpr-pointer-none wpr-pointer-line-fx wpr-pointer-fx-fade\"><div class=\"inner-block\"><a target=\"_self\"  href=\"https:\/\/mesassiettesdiet.com\/?p=234\">Le collag\u00e8ne marin : une prot\u00e9ine essentielle<\/a><\/div><\/h2><div class=\"wpr-grid-item-date elementor-repeater-item-c9c1bcc wpr-grid-item-display-inline wpr-grid-item-align-left\"><div class=\"inner-block\"><span>20 February 2025<span class=\"wpr-grid-extra-text-right\"><\/span><\/span><\/div><\/div><div class=\"wpr-grid-item-read-more elementor-repeater-item-e95e618 wpr-grid-item-display-block wpr-grid-item-align-left\"><div class=\"inner-block\"><a target=\"_self\" href=\"https:\/\/mesassiettesdiet.com\/?p=234\" class=\"wpr-button-effect wpr-button-none\"><span>Lire<\/span><\/a><\/div><\/div><\/div><\/div><\/article><article class=\"wpr-grid-item elementor-clearfix post-698 post type-post status-publish format-standard has-post-thumbnail hentry category-non-classe\"><div class=\"wpr-grid-item-inner\"><div class=\"wpr-grid-media-wrap wpr-effect-size-medium \" data-overlay-link=\"yes\"><div class=\"wpr-grid-image-wrap\" data-src=\"https:\/\/mesassiettesdiet.com\/wp-content\/uploads\/2025\/04\/Capture-decran-2025-04-19-a-18.57.32.png\" data-img-on-hover=\"\"  data-src-secondary=\"\"><img decoding=\"async\" data-no-lazy=\"1\" src=\"https:\/\/mesassiettesdiet.com\/wp-content\/uploads\/2025\/04\/Capture-decran-2025-04-19-a-18.57.32.png\" alt=\"A partir de quel \u00e2ge peut-on donner du poisson \u00e0 un b\u00e9b\u00e9 ?\" class=\"wpr-anim-timing-ease-default\"><\/div><div class=\"wpr-grid-media-hover wpr-animation-wrap\"><div class=\"wpr-grid-media-hover-bg  wpr-overlay-fade-in wpr-anim-size-large wpr-anim-timing-ease-default wpr-anim-transparency\" data-url=\"https:\/\/mesassiettesdiet.com\/?p=698\"><\/div><\/div><\/div><div class=\"wpr-grid-item-below-content elementor-clearfix\"><h2 class=\"wpr-grid-item-title elementor-repeater-item-2459def wpr-grid-item-display-block wpr-grid-item-align-left wpr-pointer-none wpr-pointer-line-fx wpr-pointer-fx-fade\"><div class=\"inner-block\"><a target=\"_self\"  href=\"https:\/\/mesassiettesdiet.com\/?p=698\">A partir de quel \u00e2ge peut-on donner du poisson \u00e0 un b\u00e9b\u00e9 ?<\/a><\/div><\/h2><div class=\"wpr-grid-item-date elementor-repeater-item-c9c1bcc wpr-grid-item-display-inline wpr-grid-item-align-left\"><div class=\"inner-block\"><span>17 February 2025<span class=\"wpr-grid-extra-text-right\"><\/span><\/span><\/div><\/div><div class=\"wpr-grid-item-read-more elementor-repeater-item-e95e618 wpr-grid-item-display-block wpr-grid-item-align-left\"><div class=\"inner-block\"><a target=\"_self\" href=\"https:\/\/mesassiettesdiet.com\/?p=698\" class=\"wpr-button-effect wpr-button-none\"><span>Lire<\/span><\/a><\/div><\/div><\/div><\/div><\/article><article class=\"wpr-grid-item elementor-clearfix post-203 post type-post status-publish format-standard has-post-thumbnail hentry category-article\"><div class=\"wpr-grid-item-inner\"><div class=\"wpr-grid-media-wrap wpr-effect-size-medium \" data-overlay-link=\"yes\"><div class=\"wpr-grid-image-wrap\" data-src=\"https:\/\/mesassiettesdiet.com\/wp-content\/uploads\/2024\/12\/Titre-5.jpg\" data-img-on-hover=\"\"  data-src-secondary=\"\"><img decoding=\"async\" data-no-lazy=\"1\" src=\"https:\/\/mesassiettesdiet.com\/wp-content\/uploads\/2024\/12\/Titre-5.jpg\" alt=\"mes assiettes diet marine besse dietetique rennes\" class=\"wpr-anim-timing-ease-default\"><\/div><div class=\"wpr-grid-media-hover wpr-animation-wrap\"><div class=\"wpr-grid-media-hover-bg  wpr-overlay-fade-in wpr-anim-size-large wpr-anim-timing-ease-default wpr-anim-transparency\" data-url=\"https:\/\/mesassiettesdiet.com\/?p=203\"><\/div><\/div><\/div><div class=\"wpr-grid-item-below-content elementor-clearfix\"><h2 class=\"wpr-grid-item-title elementor-repeater-item-2459def wpr-grid-item-display-block wpr-grid-item-align-left wpr-pointer-none wpr-pointer-line-fx wpr-pointer-fx-fade\"><div class=\"inner-block\"><a target=\"_self\"  href=\"https:\/\/mesassiettesdiet.com\/?p=203\">Les Om\u00e9ga 3 : c&#8217;est quoi ?<\/a><\/div><\/h2><div class=\"wpr-grid-item-date elementor-repeater-item-c9c1bcc wpr-grid-item-display-inline wpr-grid-item-align-left\"><div class=\"inner-block\"><span>10 February 2025<span class=\"wpr-grid-extra-text-right\"><\/span><\/span><\/div><\/div><div class=\"wpr-grid-item-read-more elementor-repeater-item-e95e618 wpr-grid-item-display-block wpr-grid-item-align-left\"><div class=\"inner-block\"><a target=\"_self\" href=\"https:\/\/mesassiettesdiet.com\/?p=203\" class=\"wpr-button-effect wpr-button-none\"><span>Lire<\/span><\/a><\/div><\/div><\/div><\/div><\/article><article class=\"wpr-grid-item elementor-clearfix post-685 post type-post status-publish format-standard has-post-thumbnail hentry category-non-classe\"><div class=\"wpr-grid-item-inner\"><div class=\"wpr-grid-media-wrap wpr-effect-size-medium \" data-overlay-link=\"yes\"><div class=\"wpr-grid-image-wrap\" data-src=\"https:\/\/mesassiettesdiet.com\/wp-content\/uploads\/2025\/04\/Capture-decran-2025-04-19-a-18.46.31.png\" data-img-on-hover=\"\"  data-src-secondary=\"\"><img decoding=\"async\" data-no-lazy=\"1\" src=\"https:\/\/mesassiettesdiet.com\/wp-content\/uploads\/2025\/04\/Capture-decran-2025-04-19-a-18.46.31.png\" alt=\"Chou-fleur : quand l&#8217;introduire dans l&#8217;alimentation de b\u00e9b\u00e9 ?\" class=\"wpr-anim-timing-ease-default\"><\/div><div class=\"wpr-grid-media-hover wpr-animation-wrap\"><div class=\"wpr-grid-media-hover-bg  wpr-overlay-fade-in wpr-anim-size-large wpr-anim-timing-ease-default wpr-anim-transparency\" data-url=\"https:\/\/mesassiettesdiet.com\/?p=685\"><\/div><\/div><\/div><div class=\"wpr-grid-item-below-content elementor-clearfix\"><h2 class=\"wpr-grid-item-title elementor-repeater-item-2459def wpr-grid-item-display-block wpr-grid-item-align-left wpr-pointer-none wpr-pointer-line-fx wpr-pointer-fx-fade\"><div class=\"inner-block\"><a target=\"_self\"  href=\"https:\/\/mesassiettesdiet.com\/?p=685\">Chou-fleur : quand l&#8217;introduire dans l&#8217;alimentation de b\u00e9b\u00e9 ?<\/a><\/div><\/h2><div class=\"wpr-grid-item-date elementor-repeater-item-c9c1bcc wpr-grid-item-display-inline wpr-grid-item-align-left\"><div class=\"inner-block\"><span>5 January 2025<span class=\"wpr-grid-extra-text-right\"><\/span><\/span><\/div><\/div><div class=\"wpr-grid-item-read-more elementor-repeater-item-e95e618 wpr-grid-item-display-block wpr-grid-item-align-left\"><div class=\"inner-block\"><a target=\"_self\" href=\"https:\/\/mesassiettesdiet.com\/?p=685\" class=\"wpr-button-effect wpr-button-none\"><span>Lire<\/span><\/a><\/div><\/div><\/div><\/div><\/article><article class=\"wpr-grid-item elementor-clearfix post-691 post type-post status-publish format-standard has-post-thumbnail hentry category-non-classe\"><div class=\"wpr-grid-item-inner\"><div class=\"wpr-grid-media-wrap wpr-effect-size-medium \" data-overlay-link=\"yes\"><div class=\"wpr-grid-image-wrap\" data-src=\"https:\/\/mesassiettesdiet.com\/wp-content\/uploads\/2025\/04\/Capture-decran-2025-04-19-a-18.51.16.png\" data-img-on-hover=\"\"  data-src-secondary=\"\"><img decoding=\"async\" data-no-lazy=\"1\" src=\"https:\/\/mesassiettesdiet.com\/wp-content\/uploads\/2025\/04\/Capture-decran-2025-04-19-a-18.51.16.png\" alt=\"Comment choisir et cuire ma viande enceinte ?\" class=\"wpr-anim-timing-ease-default\"><\/div><div class=\"wpr-grid-media-hover wpr-animation-wrap\"><div class=\"wpr-grid-media-hover-bg  wpr-overlay-fade-in wpr-anim-size-large wpr-anim-timing-ease-default wpr-anim-transparency\" data-url=\"https:\/\/mesassiettesdiet.com\/?p=691\"><\/div><\/div><\/div><div class=\"wpr-grid-item-below-content elementor-clearfix\"><h2 class=\"wpr-grid-item-title elementor-repeater-item-2459def wpr-grid-item-display-block wpr-grid-item-align-left wpr-pointer-none wpr-pointer-line-fx wpr-pointer-fx-fade\"><div class=\"inner-block\"><a target=\"_self\"  href=\"https:\/\/mesassiettesdiet.com\/?p=691\">Comment choisir et cuire ma viande enceinte ?<\/a><\/div><\/h2><div class=\"wpr-grid-item-date elementor-repeater-item-c9c1bcc wpr-grid-item-display-inline wpr-grid-item-align-left\"><div class=\"inner-block\"><span>3 January 2025<span class=\"wpr-grid-extra-text-right\"><\/span><\/span><\/div><\/div><div class=\"wpr-grid-item-read-more elementor-repeater-item-e95e618 wpr-grid-item-display-block wpr-grid-item-align-left\"><div class=\"inner-block\"><a target=\"_self\" href=\"https:\/\/mesassiettesdiet.com\/?p=691\" class=\"wpr-button-effect wpr-button-none\"><span>Lire<\/span><\/a><\/div><\/div><\/div><\/div><\/article><\/section><div class=\"wpr-grid-pagination elementor-clearfix wpr-grid-pagination-load-more\"><a href=\"https:\/\/mesassiettesdiet.com\/index.php?rest_route=%2Fwp%2Fv2%2Fpages%2F2&#038;paged=2\" class=\"wpr-load-more-btn\" data-e-disable-page-transition >Voir plus<\/a><div class=\"wpr-pagination-loading\"><div class=\"wpr-double-bounce\"><div class=\"wpr-child wpr-double-bounce1\"><\/div><div class=\"wpr-child wpr-double-bounce2\"><\/div><\/div><\/div><p class=\"wpr-pagination-finish\">End of Content.<\/p><\/div>\t\t\t\t<\/div>\n\t\t\t\t<\/div>\n\t\t\t\t\t<\/div>\n\t\t\t\t<\/div>\n\t\t\t\t<\/div>\n\t\t","protected":false},"excerpt":{"rendered":"<p>Les Articles All Posts Article Non class\u00e9 Le r\u00e9gime M\u00e9diterran\u00e9en 12 mars 2025Lire Comment se manifestent les allergies aux fruits chez le b\u00e9b\u00e9 ? 8 mars 2025Lire La vitamine C 1 mars 2025Lire Un b\u00e9b\u00e9 peut-il manger du fromage non pasteuris\u00e9 ? 25 f\u00e9vrier 2025Lire Le collag\u00e8ne marin : une prot\u00e9ine essentielle 20 f\u00e9vrier 2025Lire A partir de quel \u00e2ge peut-on donner du poisson \u00e0 un b\u00e9b\u00e9 ? 17 f\u00e9vrier 2025Lire Les Om\u00e9ga 3 : c&rsquo;est quoi ? 10 f\u00e9vrier 2025Lire Chou-fleur : quand l&rsquo;introduire dans l&rsquo;alimentation de b\u00e9b\u00e9 ? 5 janvier 2025Lire Comment choisir et cuire ma viande enceinte ? 3 janvier 2025Lire Voir plus End of Content.<\/p>\n","protected":false},"author":1,"featured_media":0,"parent":0,"menu_order":0,"comment_status":"closed","ping_status":"closed","template":"elementor_header_footer","meta":{"footnotes":""},"class_list":["post-2","page","type-page","status-publish","hentry"],"_links":{"self":[{"href":"https:\/\/mesassiettesdiet.com\/index.php?rest_route=\/wp\/v2\/pages\/2","targetHints":{"allow":["GET"]}}],"collection":[{"href":"https:\/\/mesassiettesdiet.com\/index.php?rest_route=\/wp\/v2\/pages"}],"about":[{"href":"https:\/\/mesassiettesdiet.com\/index.php?rest_route=\/wp\/v2\/types\/page"}],"author":[{"embeddable":true,"href":"https:\/\/mesassiettesdiet.com\/index.php?rest_route=\/wp\/v2\/users\/1"}],"replies":[{"embeddable":true,"href":"https:\/\/mesassiettesdiet.com\/index.php?rest_route=%2Fwp%2Fv2%2Fcomments&post=2"}],"version-history":[{"count":56,"href":"https:\/\/mesassiettesdiet.com\/index.php?rest_route=\/wp\/v2\/pages\/2\/revisions"}],"predecessor-version":[{"id":709,"href":"https:\/\/mesassiettesdiet.com\/index.php?rest_route=\/wp\/v2\/pages\/2\/revisions\/709"}],"wp:attachment":[{"href":"https:\/\/mesassiettesdiet.com\/index.php?rest_route=%2Fwp%2Fv2%2Fmedia&parent=2"}],"curies":[{"name":"wp","href":"https:\/\/api.w.org\/{rel}","templated":true}]}}