{"id":344,"date":"2024-12-30T13:03:56","date_gmt":"2024-12-30T12:03:56","guid":{"rendered":"http:\/\/mesassiettesdiet.com\/?post_type=product&#038;p=344"},"modified":"2025-04-18T19:51:02","modified_gmt":"2025-04-18T17:51:02","slug":"menu-printemps","status":"publish","type":"product","link":"https:\/\/mesassiettesdiet.com\/?product=menu-printemps","title":{"rendered":"Menu Printemps"},"content":{"rendered":"<p>Place aux beaux jours ! D\u00e9couvrez avec ce menu type, toutes les astuces pour cuisiner les fruits et l\u00e9gumes printaniers avec beaucoup de gourmandise.<\/p>\n<p>Le menu comprend :<\/p>\n<ul>\n<li>8 semaines de menus (midi et soir)<\/li>\n<li>Liste de courses pour chaque semaine<\/li>\n<li>40 recettes (sal\u00e9es, sucr\u00e9es, petits-d\u00e9jeuners, collations)<\/li>\n<\/ul>\n<p>&nbsp;<\/p>\n","protected":false},"excerpt":{"rendered":"<p>Place aux beaux jours ! D\u00e9couvrez avec ce menu type, toutes les astuces pour cuisiner les fruits et l\u00e9gumes printaniers avec beaucoup de gourmandise. Le menu comprend : 8 semaines de menus (midi et soir) Liste de courses pour chaque semaine 40 recettes (sal\u00e9es, sucr\u00e9es, petits-d\u00e9jeuners, collations) &nbsp;<\/p>\n","protected":false},"featured_media":611,"comment_status":"open","ping_status":"closed","template":"","meta":[],"product_cat":[24],"product_tag":[],"class_list":{"0":"post-344","1":"product","2":"type-product","3":"status-publish","4":"has-post-thumbnail","6":"product_cat-non-classe","8":"first","9":"instock","10":"featured","11":"downloadable","12":"virtual","13":"taxable","14":"purchasable","15":"product-type-simple"},"_links":{"self":[{"href":"https:\/\/mesassiettesdiet.com\/index.php?rest_route=\/wp\/v2\/product\/344","targetHints":{"allow":["GET"]}}],"collection":[{"href":"https:\/\/mesassiettesdiet.com\/index.php?rest_route=\/wp\/v2\/product"}],"about":[{"href":"https:\/\/mesassiettesdiet.com\/index.php?rest_route=\/wp\/v2\/types\/product"}],"replies":[{"embeddable":true,"href":"https:\/\/mesassiettesdiet.com\/index.php?rest_route=%2Fwp%2Fv2%2Fcomments&post=344"}],"wp:featuredmedia":[{"embeddable":true,"href":"https:\/\/mesassiettesdiet.com\/index.php?rest_route=\/wp\/v2\/media\/611"}],"wp:attachment":[{"href":"https:\/\/mesassiettesdiet.com\/index.php?rest_route=%2Fwp%2Fv2%2Fmedia&parent=344"}],"wp:term":[{"taxonomy":"product_cat","embeddable":true,"href":"https:\/\/mesassiettesdiet.com\/index.php?rest_route=%2Fwp%2Fv2%2Fproduct_cat&post=344"},{"taxonomy":"product_tag","embeddable":true,"href":"https:\/\/mesassiettesdiet.com\/index.php?rest_route=%2Fwp%2Fv2%2Fproduct_tag&post=344"}],"curies":[{"name":"wp","href":"https:\/\/api.w.org\/{rel}","templated":true}]}}